 divide 144844?
True
Does 651 divide 11451090?
True
Is 1610 a factor of 13901356?
False
Does 1139 divide 3066851?
False
Is 6485 a multiple of 10?
False
Does 11 divide 51564?
False
Does 41 divide 255266?
True
Is 13 a factor of 3800751?
False
Is 126 a factor of 8461530?
True
Does 294 divide 309293?
False
Is 11 a factor of 14652?
True
Is 434 a factor of 5895022?
True
Is 496964 a multiple of 19?
True
Does 7 divide 146477?
False
Does 9 divide 222147?
True
Is 41217 a multiple of 33?
True
Is 226832 a multiple of 16?
True
Is 32 a factor of 17028?
False
Does 49 divide 502061?
False
Does 92 divide 153562?
False
Does 20 divide 92600?
True
Does 282 divide 166586?
False
Does 172 divide 56244?
True
Does 6 divide 78666?
True
Does 13 divide 507975?
True
Does 11 divide 94942?
False
Is 1754016 a multiple of 176?
True
Does 50 divide 2627884?
False
Is 547872 a multiple of 450?
False
Is 450 a factor of 1340100?
True
Is 13 a factor of 197327?
True
Is 1839843 a multiple of 84?
False
Does 70 divide 45639?
False
Is 12 a factor of 348129?
False
Is 162823 a multiple of 150?
False
Is 260659 a multiple of 7?
True
Does 3 divide 22884?
True
Is 41975 a multiple of 115?
True
Is 948873 a multiple of 362?
False
Is 70 a factor of 39340?
True
Is 18 a factor of 260001?
False
Is 931922 a multiple of 17?
False
Is 279910 a multiple of 46?
True
Is 30 a factor of 698940?
True
Is 410040 a multiple of 180?
True
Is 90 a factor of 478059?
False
Is 20297926 a multiple of 262?
True
Is 610 a factor of 797880?
True
Does 12 divide 2604789?
False
Is 88 a factor of 4887904?
False
Does 17 divide 2278289?
True
Is 152892 a multiple of 18?
True
Does 17 divide 1422390?
True
Is 1023000 a multiple of 75?
True
Does 68 divide 48501?
False
Is 237 a factor of 5475174?
True
Is 19 a factor of 1348?
False
Is 10 a factor of 131370?
True
Is 95238 a multiple of 111?
True
Does 59 divide 11006?
False
Does 598 divide 414457?
False
Is 3780456 a multiple of 12?
True
Is 6 a factor of 79278?
True
Does 3 divide 402186?
True
Is 9 a factor of 6742278?
True
Is 93 a factor of 3627?
True
Is 2064312 a multiple of 1509?
True
Is 736 a factor of 12685018?
False
Is 7592929 a multiple of 65?
False
Is 101 a factor of 50623?
False
Is 66 a factor of 341220?
True
Does 384 divide 695808?
True
Is 22 a factor of 678018?
True
Is 47 a factor of 1925449?
True
Does 14 divide 233842?
True
Does 2433 divide 11673534?
True
Is 766708 a multiple of 64?
False
Is 696 a factor of 1093416?
True
Does 5 divide 2515595?
True
Is 130758 a multiple of 202?
False
Is 1666 a multiple of 2?
True
Does 10 divide 175650?
True
Is 775162 a multiple of 279?
False
Is 263 a factor of 6133075?
False
Is 8340024 a multiple of 28?
True
Is 4117 a multiple of 25?
False
Does 360 divide 369360?
True
Does 13 divide 75938?
False
Is 301 a factor of 4532199?
False
Is 3 a factor of 76010?
False
Is 667 a factor of 5237951?
True
Is 128 a factor of 1142272?
True
Is 269 a factor of 3414686?
True
Is 4494325 a multiple of 14?
False
Is 29810 a multiple of 29?
False
Does 50 divide 663750?
True
Does 103 divide 334956?
True
Is 38231 a multiple of 15?
False
Is 819 a factor of 2938603?
False
Is 1932280 a multiple of 206?
True
Is 174 a factor of 2302928?
False
Does 9 divide 4128932?
False
Does 428 divide 842787?
False
Is 503855 a multiple of 276?
False
Is 66 a factor of 2873095?
False
Does 24 divide 1468800?
True
Does 12 divide 906534?
False
Is 2177 a multiple of 311?
True
Is 2952213 a multiple of 11?
True
Is 13 a factor of 589087?
False
Is 600 a factor of 782400?
True
Is 723387 a multiple of 399?
True
Is 23 a factor of 4923315?
False
Does 21 divide 41559?
True
Does 14 divide 202706?
True
Is 5803263 a multiple of 41?
True
Does 101 divide 113368?
False
Is 2384387 a multiple of 11?
False
Does 30 divide 210900?
True
Is 34 a factor of 38312?
False
Is 310 a factor of 1676171?
False
Is 36 a factor of 244692?
True
Is 253506 a multiple of 138?
True
Does 11 divide 13129665?
False
Does 119 divide 1976947?
True
Does 483 divide 1413467?
False
Is 83 a factor of 44571?
True
Does 72 divide 1858965?
False
Does 18 divide 723357?
False
Is 412 a factor of 678210?
False
Does 137 divide 50005?
True
Is 4682120 a multiple of 10?
True
Does 270 divide 601534?
False
Is 121081 a multiple of 30?
False
Is 211806 a multiple of 6?
True
Is 241 a factor of 1607952?
True
Is 600165 a multiple of 414?
False
Is 1449684 a multiple of 31?
True
Is 150 a factor of 548550?
True
Does 22 divide 44131?
False
Does 268 divide 772643?
False
Is 214200 a multiple of 14?
True
Is 543684 a multiple of 58?
False
Is 25725 a multiple of 8?
False
Does 248 divide 577096?
True
Does 521 divide 1418691?
False
Is 12 a factor of 27236497?
False
Does 18 divide 3392189?
False
Does 4 divide 122724?
True
Is 139 a factor of 7911602?
True
Is 35026179 a multiple of 1893?
True
Is 235 a factor of 175804?
False
Is 24 a factor of 2854539?
False
Is 70 a factor of 127410?
False
Is 2745529 a multiple of 1044?
False
Does 21 divide 109940?
False
Does 110 divide 12903464?
False
Does 11 divide 617958?
True
Is 525835 a multiple of 127?
False
Is 519202 a multiple of 23?
True
Does 7 divide 3532648?
True
Is 145 a factor of 145971?
False
Does 8 divide 2185029?
False
Is 102 a factor of 1855890?
True
Does 15 divide 124446?
False
Is 24915736 a multiple of 181?
True
Is 1139156 a multiple of 148?
True
Is 303716 a multiple of 28?
True
Does 6 divide 47694?
True
Is 219 a factor of 391353?
True
Is 500478 a multiple of 11?
True
Is 18577 a multiple of 13?
True
Does 5 divide 427130?
True
Is 14 a factor of 197749?
False
Does 22 divide 5915203?
False
Is 6 a factor of 1267426?
False
Does 67 divide 312131?
False
Is 12 a factor of 475752?
True
Is 13 a factor of 3169791?
False
Does 6 divide 18041?
False
Is 710600 a multiple of 200?
True
Is 14 a factor of 285446?
True
Is 248418 a multiple of 2?
True
Does 42 divide 736596?
True
Is 661894 a multiple of 13?
False
Is 246 a factor of 607620?
True
Is 158370 a multiple of 6?
True
Does 31 divide 21773191?
True
Is 10 a factor of 206530?
True
Does 10 divide 1048969?
False
Does 290 divide 15439600?
True
Does 45 divide 5165370?
True
Does 3 divide 1314384?
True
Is 10715369 a multiple of 13?
False
Is 3490209 a multiple of 786?
False
Is 2550636 a multiple of 2034?
True
Is 22 a factor of 42396?
False
Is 24799 a multiple of 155?
False
Does 10 divide 179680?
True
Does 31 divide 1266288?
True
Does 36 divide 31500?
True
Is 269 a factor of 2230559?
False
Is 79 a factor of 37643?
False
Is 3 a factor of 5760?
True
Is 196704 a multiple of 144?
True
Is 1080340 a multiple of 3?
False
Does 18 divide 132285?
False
Does 61 divide 352763?
True
Is 125 a factor of 1904125?
True
Is 6750706 a multiple of 13?
False
Is 2553600 a multiple of 32?
True
Is 494145 a multiple of 45?
True
Is 81 a factor of 365353?
False
Is 140164 a multiple of 21?
False
Is 12 a factor of 2539524?
True
Is 26 a factor of 8529222?
True
Does 5 divide 8102145?
True
Is 873681 a multiple of 629?
True
Is 3 a factor of 1228314?
True
Does 651 divide 662718?
True
Is 10078 a multiple of 7?
False
Is 24 a factor of 1166024?
False
Is 38 a factor of 6712434?
True
Does 135 divide 1310690?
False
Is 119458 a multiple of 30?
False
Is 4402788 a multiple of 13?
True
Is 820518 a multiple of 46?
False
Is 250 a factor of 181720?
False
Does 90 divide 1040760?
True
Is 8 a factor of 99064?
True
Is 46920 a multiple of 60?
True
Is 72 a factor of 87168?
False
Is 8965 a multiple of 11?
True
Is 95 a factor of 1658795?
True
Does 174 divide 1253844?
True
Does 23 divide 3383576?
True
Is 3206208 a multiple of 9?
False
Is 3875772 a multiple of 6?
True
Does 31 divide 3730067?
False
Is 64 a factor of 108792?
False
Does 25 divide 267475?
True
Is 145500 a multiple of 75?
True
Does 13 divide 57343?
True
Is 35 a factor of 1635445?
True
Is 9 a factor of 509507?
False
Is 541 a factor of 457785?
False
Is 33120858 a multiple of 16?
False
Is 7258068 a multiple of 12?
True
Is 167577 a multiple of 13?
False
Does 101 divide 12314718?
False
Does 518 divide 3151722?
False
Does 99 divide 24247179?
True
Is 5298075 a multiple of 235?
True
Is 14606553 a multiple of 51?
True
Is 12 a factor of 74256?
True
Is 152 a factor of 210468?
False
Does 4 divide 122900?
True
Does 65 divide 586977?
False
Is 4 a factor of 47175?
False
Is 25 a factor of 103225?
True
Is 503 a